Let k(f) = -f**3 + 32*f**2 - 31*f + 39. What is k(31)?
39
Let q(n) = n**3 - 67*n**2 + 197*n + 202. Determine q(64).
522
Let v(w) = 2*w**3 + 114*w**2 + 119*w + 395. Give v(-56).
3
Let p(n) = 7*n**2 + 115*n + 305. Determine p(-13).
-7
Let m(l) = -413*l - 4396. Give m(-11).
147
Let z(d) = 1203*d - 3601. Give z(3).
8
Let i(l) = 7*l**2 - 49*l + 25. Determine i(7).
25
Let v(a) = 263*a - 2037. Give v(8).
67
Let z(i) = -161*i - 5151. Give z(-32).
1
Let k(g) = 11*g**3 - 13*g**2 - 19*g + 37. Calculate k(3).
160
Let v(i) = -6408*i + 19223. Determine v(3).
-1
Let t(g) = g**3 - 12*g**2 - 124*g + 1254. What is t(8)?
6
Let k(y) = 7430*y - 126312. Determine k(17).
-2
Let s(d) = -82*d - 614. Determine s(-4).
-286
Let c(d) = 2421*d**2 - 24213*d + 25. Calculate c(10).
-5
Let t(v) = -801*v + 8008. Calculate t(10).
-2
Let o(r) = 5*r**3 + 16*r**2 - 7*r - 24. What is o(-1)?
-6
Let r(k) = -6*k**2 + 237*k + 21. Calculate r(40).
-99
Let u(k) = -509*k + 8687. Determine u(17).
34
Let d(u) = 6*u + 139. What is d(-37)?
-83
Let i(w) = 4*w**2 + 345*w + 5293. Determine i(-20).
-7
Let p(c) = c**3 + 44*c**2 + 164*c + 127. Give p(-40).
-33
Let z(u) = u**3 + 45*u**2 - 33*u + 595. Give z(-46).
-3
Let q(o) = 7*o**2 + 32*o - 4. Calculate q(-5).
11
Let s(g) = 141*g - 994. Determine s(12).
698
Let x(a) = -4*a**2 + 274*a + 300. Determine x(70).
-120
Let w(k) = 8*k + 36. Give w(5).
76
Let n(u) = u**3 + 15*u**2 - 86*u - 151. Give n(-19).
39
Let k(d) = 5*d**2 + 65*d + 129. Give k(-2).
19
Let k(b) = 84*b + 861. Calculate k(-10).
21
Let u(y) = y**2 - 162*y + 1092. What is u(7)?
7
Let f(j) = -262*j + 2877. Determine f(11).
-5
Let o(q) = q**2 - 37*q - 65. Determine o(34).
-167
Let n(u) = 41*u - 340. Determine n(8).
-12
Let b(g) = 365*g + 4572. Calculate b(-12).
192
Let o(s) = -s**3 - 12*s**2 - 31*s - 187. Give o(-11).
33
Let w(g) = -200*g + 1265. Calculate w(7).
-135
Let u(c) = -c**2 + 38*c - 12. Give u(37).
25
Let u(r) = -r**3 + 51*r**2 - 526*r + 286. Calculate u(37).
-10
Let x(f) = 24*f**2 + 875*f - 1407. What is x(-38)?
-1
Let y(k) = 289*k - 1428. Calculate y(5).
17
Let l(a) = -3307*a + 3304. What is l(1)?
-3
Let j(s) = -s**2 + 2*s + 969. Determine j(32).
9
Let b(a) = a**2 - 853*a + 4250. Calculate b(5).
10
Let m(r) = -9*r**3 - 6*r**2 - 24*r - 36. Give m(-2).
60
Let o(j) = -j**2 + 56*j - 381. What is o(48)?
3
Let c(j) = j**3 + 25*j**2 + 12*j - 274. Calculate c(-24).
14
Let q(m) = -m**3 + 44*m**2 + 141*m + 15. Give q(47).
15
Let v(g) = -30*g - 47. What is v(5)?
-197
Let y(z) = -27*z + 468. Determine y(17).
9
Let b(h) = h**2 - 8*h + 20. Determine b(22).
328
Let d(i) = -8*i - 1. Give d(-34).
271
Let r(g) = 49*g - 534. Calculate r(11).
5
Let d(k) = k**2 + 10*k - 2255. What is d(-52)?
-71
Let i(h) = 4*h**2 + 76*h - 58. What is i(-20)?
22
Let z(a) = a**2 - 65*a + 716. Give z(51).
2
Let o(h) = h**3 + 75*h**2 + 423*h + 630. Determine o(-69).
9
Let s(m) = m**3 - 13*m**2 - 82*m + 823. What is s(9)?
-239
Let b(y) = 17793*y - 124559. Give b(7).
-8
Let s(t) = 617*t - 14186. Calculate s(23).
5
Let h(w) = w**2 - 355*w + 1745. Calculate h(5).
-5
Let r(i) = 27*i - 149. Give r(6).
13
Let v(y) = -6*y + 410. Determine v(60).
50
Let d(z) = z**3 - 17*z**2 + 20*z + 40. Calculate d(16).
104
Let m(a) = -46*a**3 - 3*a**2 - 6*a - 2. Calculate m(-1).
47
Let p(q) = -q**2 - 13*q + 259. Determine p(-26).
-79
Let i(m) = -20*m**2 - 109*m + 7. Determine i(-6).
-59
Let v(b) = -769*b + 7877. Give v(10).
187
Let b(o) = -o**3 + 20*o**2 - 91*o - 36. Calculate b(9).
36
Let v(h) = -5*h**2 + 62*h + 34. Determine v(16).
-254
Let m(k) = -k**3 + 13*k**2 - 26*k + 333. Determine m(13).
-5
Let h(a) = -a**2 + 49*a - 341. Calculate h(8).
-13
Let l(m) = -74*m - 335. What is l(-5)?
35
Let l(y) = 2464*y + 23. Calculate l(0).
23
Let k(f) = -3*f**3 + 164*f**2 + 73*f - 896. Calculate k(55).
94
Let a(l) = -9719*l + 19442. Determine a(2).
4
Let w(i) = -i**2 - 16*i - 61. Give w(-12).
-13
Let k(o) = -o**3 - 4*o**2 + 311*o + 170. Calculate k(16).
26
Let x(r) = -897*r + 7175. Determine x(8).
-1
Let b(h) = -138*h**3 + 30*h - 28. Determine b(1).
-136
Let p(j) = 4*j**3 - 651*j**2 - 164*j + 183. What is p(163)?
20
Let o(c) = -2*c**3 - 9*c**2 - 740*c - 2944. Determine o(-4).
0
Let o(z) = z**2 - 1763*z - 10612. Give o(-6).
2
Let p(n) = 8*n**2 + 137*n + 557. Calculate p(-10).
-13
Let b(h) = -12*h**3 + 8*h**2 - 12*h + 25. What is b(3)?
-263
Let s(m) = 358*m + 88784. Calculate s(-248).
0
Let h(z) = -3*z + 5. Calculate h(-14).
47
Let l(c) = 22*c**2 + c + 10. What is l(4)?
366
Let m(k) = -46*k**2 - 378*k + 4. What is m(-8)?
84
Let a(d) = -1399*d - 44764. Calculate a(-32).
4
Let r(h) = -h**3 + 51*h**2 + 51*h - 51. What is r(52)?
-103
Let p(z) = -z**3 - 11*z**2 + 100*z + 1. What is p(6)?
-11
Let i(w) = w**3 + 5*w**2 - 372*w + 47. Give i(-22).
3
Let k(x) = x**2 - 1284*x + 10216. Calculate k(8).
8
Let o(m) = m**3 - 55*m**2 + 745*m - 30. What is o(24)?
-6
Let n(o) = -15*o**3 + 3*o**2 + 10*o - 8. What is n(1)?
-10
Let c(z) = 34*z**2 - 237*z - 11. Give c(7).
-4
Let f(t) = 44*t - 215. Determine f(5).
5
Let b(m) = -89*m - 452. Determine b(-5).
-7
Let o(q) = 54*q + 1158. What is o(-23)?
-84
Let w(m) = m**3 - 26*m**2 + 143*m - 39. Calculate w(18).
-57
Let i(n) = 260*n + 523. What is i(-2)?
3
Let u(p) = -p**2 + 27*p - 90. Determine u(21).
36
Let l(s) = -s**2 - 337*s + 76272. Calculate l(155).
12
Let i(h) = 32*h + 1903. Give i(-55).
143
Let x(i) = 9*i**2 + 17*i + 53. Give x(-5).
193
Let k(v) = 4*v**2 + 74*v - 344. Calculate k(4).
16
Let t(b) = -b**2 + 69*b - 282. What is t(4)?
-22
Let a(b) = -3*b**3 + 267*b**2 - 773*b - 83. What is a(86)?
3
Let n(p) = 2*p**3 + 3*p**2 + 32. What is n(-5)?
-143
Let y(b) = b**3 - 3*b**2 - 23*b - 31. Calculate y(-2).
-5
Let l(q) = -q**2 + 147*q + 3143. Determine l(166).
-11
Let j(c) = c**3 + 35*c**2 + 21*c - 401. Calculate j(-34).
41
Let p(v) = -v**2 + 21*v - 46. What is p(21)?
-46
Let l(n) = n**3 - 6*n**2 + 137*n - 390. Determine l(3).
-6
Let b(s) = 9*s**3 + 8*s**2 + 7*s + 7. Determine b(-2).
-47
Let n(h) = -h - 160. Give n(-159).
-1
Let s(r) = -3*r**2 + 79*r + 1391. Give s(-12).
11
Let y(f) = f**3 + 8*f**2 - 28*f + 5. Give y(-11).
-50
Let s(a) = -a**2 + 26*a + 723. Determine s(44).
-69
Let t(n) = -196*n - 596. Give t(-3).
-8
Let n(a) = -524*a + 2095. What is n(4)?
-1
Let k(s) = -14*s - 873. Calculate k(-64).
23
Let d(a) = -32*a - 281. Calculate d(-16).
231
Let h(f) = 3*f**3 - 70*f**2 + 237*f - 22. Determine h(4).
-2
Let c(o) = -o**3 + 58*o**2 - 12*o + 657. Calculate c(58).
-39
Let a(k) = -3*k**3 + 12*k**2 - 16*k - 7. Give a(6).
-319
Let r(i) = -10*i - 224. Give r(-9).
-134
Let v(j) = j**3 - 25*j**2 + 171*j - 203. Determine v(13).
-8
Let t(g) = 797*g**2 - 24*g - 2. Determine t(-1).
819
Let j(b) = b**3 + 3*b**2 + 4*b + 222. What is j(-7)?
-2
Let b(d) = 17*d + 237. Determine b(-13).
16
Let m(j) = -21129*j + 169022. Calculate m(8).
-10
Let r(k) = 56*k - 1730. Calculate r(34).
174
Let u(c) = 162*c**2 + 1133*c - 19. Determine u(-7).
-12
Let k(v) = 93*v**2 + 843*v + 17. Give k(-9).
-37
Let w(i) = -347*i - 24958. Give w(-72).
26
Let j(o) = -3*o**3 + 8*o**2 + 283*o - 845. Give j(3).
-5
Let f(i) = -i**2 - 58*i + 543. Give f(9).
-60
Let j(u) = -48*u + 1248. Give j(26).
0
Let u(x) = x**3 - 7*x**2 - 9*x + 19. Determine u(8).
11
Let y(j) = 52*j + 337. Calculate y(-12).
-287
Let o(t) = -1299*t - 18184. Give o(-14).
2
Let h(l) = 2*l**2 + 141*l - 1618. Calculate h(10).
-8
Let r(y) = -28*y - 76. What is r(-3)?
8
Let y(m) = 13*m + 71. Determine y(-12).
-85
Let v(d) = 147*d**2 + 21*d - 1. Calculate v(1).
167
Let g(h) = -h**3 + 17*h**2 + 39*h - 117. Calculate g(19).
-98
Let w(q) = q**3 - 15*q**2 + 5*q - 114. Give w(14).
-240
Let j(v) = 8*v**2 - 14*v - 128. What is j(-4)?
56
Let u(x) = -240*x + 92. Calculate u(-1).
332
Let c(n) = -n**3 + 29*n**2 + 60*n + 64. Give c(31).
2
Let y(z) = 2534*z - 96295. Calculate y(38).
-3
Let p(z) = -z**2 - 34*z - 3. Calculate p(0).
-3
Let w(h) = 15*h - 52. Give w(4).
8
Let g(v) = 384*v - 107. Calculate g(1).
277
Let d(y) = 268*y + 4870. Determine d(-18).
46
Let i(f) = 2*f**2 - 125*f + 1161. Calculate i(11).
28
Let i(k) = -802*k - 6423. What is i(-8)?
-7
Let u(x) = -x**3 - 6*x**2 + 92*x + 579. Determine u(-6).
27
Let y(m) = 50*m - 1032. What is y(20)?
-32
Let o(d) = -2509*d + 20054. Calculate o(8).
-18
Let m(n) = -176*n - 2. Give